e number?
True
Is 165830107 prime?
True
Is 340757 a prime number?
True
Is 48761003 prime?
False
Is 1264677 prime?
False
Is 3308153 prime?
True
Is 15194011 a composite number?
True
Is 24799319 a prime number?
False
Is 35680451 composite?
False
Is 78151 a prime number?
False
Is 1953839 a composite number?
False
Is 352673767 composite?
True
Is 1110167 composite?
False
Is 2831629 prime?
False
Is 133258111 composite?
True
Is 4573519 prime?
True
Is 1107517 a composite number?
True
Is 102583409 a prime number?
True
Is 19531 a prime number?
True
Is 104693879 a prime number?
True
Is 88301243 a composite number?
True
Is 14520266 a prime number?
False
Is 3908537 prime?
True
Is 7130777 composite?
True
Is 67994881 prime?
False
Is 51779593 prime?
False
Is 2619641 a prime number?
True
Is 4551253 prime?
False
Is 200488277 prime?
False
Is 1400251 prime?
True
Is 173916543 composite?
True
Is 165765749 a composite number?
False
Is 59003407 composite?
True
Is 201881 composite?
False
Is 50101591 prime?
True
Is 448163 prime?
False
Is 1498279 prime?
True
Is 4125473 prime?
False
Is 4815407 a composite number?
True
Is 47599 a composite number?
False
Is 50675278 a composite number?
True
Is 18303161 composite?
True
Is 30769 composite?
True
Is 100362487 a composite number?
False
Is 1081583 a composite number?
False
Is 9205454 composite?
True
Is 248883685 a prime number?
False
Is 111027611 a composite number?
False
Is 156040429 a prime number?
True
Is 3643987 a prime number?
False
Is 156506491 prime?
True
Is 16778879 a composite number?
True
Is 260453497 a composite number?
False
Is 56173937 a composite number?
True
Is 600812423 composite?
False
Is 1669477 a composite number?
True
Is 75869 composite?
False
Is 68635759 a prime number?
True
Is 15522211 composite?
True
Is 5356783 a composite number?
False
Is 44301041 prime?
True
Is 3193081 a prime number?
True
Is 89041523 a composite number?
False
Is 196818455 composite?
True
Is 534640351 composite?
True
Is 28600709 prime?
True
Is 728627 composite?
False
Is 310975589 a composite number?
False
Is 480205003 a composite number?
False
Is 86397163 composite?
False
Is 120509513 a prime number?
True
Is 21622649 a composite number?
False
Is 1497407 prime?
True
Is 5031769 a prime number?
True
Is 56396629 a prime number?
False
Is 369472517 composite?
True
Is 9991561 prime?
False
Is 115464127 a composite number?
False
Is 235504987 a composite number?
True
Is 82632838 a composite number?
True
Is 61807523 composite?
True
Is 142163807 prime?
False
Is 2867863 a composite number?
True
Is 53587405 prime?
False
Is 1170167 composite?
False
Is 502756717 prime?
True
Is 5503951 a prime number?
True
Is 25163 composite?
False
Is 2166847 a prime number?
False
Is 557950937 a composite number?
True
Is 4642123 a composite number?
False
Is 312404923 a prime number?
True
Is 9629749 prime?
True
Is 36785641 a composite number?
False
Is 737381 composite?
True
Is 17113777 prime?
True
Is 185891 a prime number?
False
Is 36418919 a prime number?
True
Is 73525091 prime?
False
Is 1151807 composite?
False
Is 20431921 prime?
False
Is 956783599 a composite number?
False
Is 70766851 a composite number?
False
Is 55706617 a composite number?
True
Is 617735 a prime number?
False
Is 1760114 prime?
False
Is 29930702 a composite number?
True
Is 15196253 composite?
True
Is 2753111 a prime number?
True
Is 19301 composite?
False
Is 1388156377 prime?
True
Is 471227485 prime?
False
Is 10780993 composite?
True
Is 241277 prime?
False
Is 9951805 a composite number?
True
Is 27120019 composite?
False
Is 2796251 composite?
True
Is 3205451 a prime number?
False
Is 34503193 a prime number?
False
Is 3570029 a prime number?
False
Is 162106247 a composite number?
False
Is 120134621 prime?
False
Is 33243127 a prime number?
False
Is 4009762 composite?
True
Is 7895231 a composite number?
True
Is 25311949 prime?
False
Is 270029 a composite number?
False
Is 45812147 a prime number?
True
Is 41931091 a composite number?
True
Is 1031687 composite?
True
Is 8319193 a composite number?
True
Is 1626893 a prime number?
True
Is 2627831 composite?
True
Is 6488155 composite?
True
Is 70847441 a prime number?
False
Is 2959078 a composite number?
True
Is 10333427 a composite number?
True
Is 52891583 a composite number?
False
Is 15223307 composite?
True
Is 7970833 prime?
False
Is 969994111 composite?
True
Is 66543493 a prime number?
False
Is 4617167 a prime number?
False
Is 96571 a prime number?
False
Is 42686431 prime?
True
Is 2003179 prime?
False
Is 3212153 a prime number?
False
Is 20322649 a prime number?
False
Is 1603573 a composite number?
False
Is 10729049 prime?
True
Is 40471579 prime?
True
Is 206372747 a prime number?
False
Is 121469179 a prime number?
False
Is 3787822 prime?
False
Is 9665371 a prime number?
False
Is 157991 a prime number?
True
Is 1602733 composite?
True
Is 158116723 a composite number?
False
Is 1825717 a composite number?
True
Is 144227561 prime?
True
Is 278285873 composite?
False
Is 225268699 prime?
True
Is 286404341 a prime number?
False
Is 69959303 a prime number?
False
Is 38589989 a prime number?
False
Is 1053626738 a composite number?
True
Is 6619747 composite?
False
Is 2845642 a composite number?
True
Is 2787263 composite?
True
Is 114371 prime?
True
Is 1516537 a composite number?
True
Is 7335907 a composite number?
False
Is 9299141 prime?
True
Is 22387973 prime?
False
Is 171377719 composite?
False
Is 18460018 composite?
True
Is 10506841 a composite number?
False
Is 544256131 a prime number?
True
Is 13935079 composite?
True
Is 6518551 prime?
False
Is 1708583 a composite number?
True
Is 33303617 a prime number?
True
Is 2013257 a prime number?
False
Is 7523531 a composite number?
False
Is 1274899 composite?
False
Is 3666581 a prime number?
True
Is 2461993 composite?
False
Is 2269667 composite?
True
Is 739723 composite?
False
Is 2893999 a prime number?
False
Is 2989963 composite?
False
Is 1835423 composite?
True
Is 20721683 prime?
True
Is 200180909 a prime number?
True
Is 27618739 prime?
True
Is 32947789 composite?
True
Is 1302499 a composite number?
True
Is 44701429 a prime number?
False
Is 6090373 a composite number?
False
Is 1383263 a composite number?
True
Is 1405403 composite?
False
Is 2493229 a composite number?
False
Is 784106 composite?
True
Is 4944923 composite?
False
Is 16052917 composite?
False
Is 6897431 a composite number?
False
Is 162031 a prime number?
False
Is 13561115 a composite number?
True
Is 112906043 a prime number?
True
Is 3498359 a composite number?
False
Is 527741 composite?
False
Is 2767879 a prime number?
False
Is 1354391 a composite number?
False
Is 104468241 composite?
True
Is 27245191 composite?
True
Is 296508257 a prime number?
False
Is 11536711 composite?
True
Is 18631553 a prime number?
False
Is 269563813 a prime number?
True
Is 3140143 composite?
True
Is 10613923 prime?
False
Is 12043979 a prime number?
True
Is 123392501 composite?
False
Is 707916487 composite?
False
Is 3123671 a composite number?
False
Is 8319911 a prime number?
False
Is 16527137 prime?
False
Is 16573289 prime?
True
Is 30945107 composite?
False
Is 2376914 a prime number?
False
Is 301006999 composite?
False
Is 22240037 a composite number?
False
Is 5598013 a composite number?
False
Is 1949911 composite?
False
Is 33982639 a composite number?
True
Is 1213 composite?
False
Is 10236185 prime?
False
Is 815123 prime?
True
Is 105048841 composite?
False
Is 2687485 composite?
True
Is 8386753 a composite number?
True
Is 6394421 prime?
False
Is 275881 composite?
False
Is 448261 a composite number?
True
Is 6905533 composite?
False
Is 215259251 a prime number?
True
Is 6680689 composite?
False
Is 6147877 a composite number?
True
Is 252721549 composite?
True
Is 14739509 a composite number?
False
Is 5048647 prime?
True
Is 22995487 a composite number?
True
Is 217352951 composite?
True
Is 126455951 a composite number?
False
Is 97592377 a prime number?
True
Is 9102809 a prime number?
False
Is 385403653 a prime number?
False
Is 4696453 composite?
False
Is 53088073 prime?
True
Is 148070009 prime?
True
Is 260347733 a composite number?
False
Is 740041 composite?
False
Is 112387449 prime?
False
Is 462047 a composite number?
True
Is 9093949 prime?
False
Is 4580663 a prime number?
True
Is 2590871 prime?